3*b, 12 = -4*j + 5*b - 0. Determine h(j).
-20
Let n(u) = u**2 - u - 1. Suppose 0 = 2*s + 6 + 22. Let j(a) = -a - 12. Let c be j(s). Determine n(c).
1
Let c = -51 + 49. Let w(p) = -p**2 - 4*p. Determine w(c).
4
Let g(c) = 3404*c + 185. Let s(r) = -37*r - 2. Let f(w) = -2*g(w) - 185*s(w). What is f(-1)?
-37
Let d(t) = t**3 + 8*t**2 + 1. Let j = 84 + -147. Let q = j + 55. Give d(q).
1
Suppose 5*x - 10 = 2*w, 0 = w - 5*w - 20. Let a(h) be the second derivative of -h**3/6 + 2*h**2 + 120*h. What is a(x)?
4
Suppose -7 - 17 = -6*j. Suppose -14 + 2 = j*q. Let x(t) = 3*t - 4. Give x(q).
-13
Let g(y) be the first derivative of -y**3/3 + y**2/2 - 5*y - 63. Calculate g(0).
-5
Suppose r - 4*n = -2, 3*n = -r + 6*n. Let m(j) = -r*j - 1 - 1 + 4*j. Let g = -11 + 5. Calculate m(g).
10
Let f(t) = 4*t - 2. Let n = 17 - 9. Let y be 3 - (2/(-1) + 0). Suppose -5*u + 0*c = -c - y, 2*c - n = u. What is f(u)?
6
Let n be -7 + -3 - -3 - 3. Let l(b) = 4*b - 7. Determine l(n).
-47
Let q(c) be the third derivative of -c**6/120 + c**5/12 - c**4/4 + 2*c**3/3 - 13*c**2. Let i be q(4). Let b(v) = v**3 + 4*v**2 + 4. What is b(i)?
4
Let x(n) = -n**3 - n + 1. Suppose 0 = 4*s + 2*y - 32, -8*y = -3*y - 10. Suppose s - 4 = 3*v. What is x(v)?
-1
Let g(n) = -3*n - 12. Let a(v) = 20*v + 73. Let m(j) = -6*a(j) - 39*g(j). What is m(8)?
6
Let z(p) = 4*p - 14. Suppose -65*k - 31*k = -1056. Give z(k).
30
Let l(o) = 3*o**3 - 3*o**2 + 3*o - 3. Suppose -13*t + 7*t = -12. What is l(t)?
15
Suppose 0 = -5*k + l + 30, 1 = -3*k - 2*l + 6. Let o be (-7)/(-2)*(-6)/(-21) + 0. Let i = k - o. Let y(m) = m**3 - 3*m**2 - 5*m - 2. Give y(i).
-6
Let r(b) = b**2 + 7*b - 13. Let q be r(-9). Let v = q - -5. Suppose -3*w + 8 + v = 0. Let o(i) = -i**2 + 5*i. Determine o(w).
-6
Let n(c) = c**3 - 7*c**2 + 5*c + 12. Let f be 7 - 5/25*5. Determine n(f).
6
Let w(q) = q**2 + q. Let s(x) = x**3 - 2*x**2 - 2*x + 9. Let d(k) = k**3 - k**2 - k + 8. Let z(t) = -7*d(t) + 6*s(t). Let v(b) = 6*w(b) + z(b). Give v(0).
-2
Suppose -6*z = 3*z. Suppose 30 = -3*m + 8*m + 5*c, 5*m = -c + 18. Let u(h) = -3*h**2 - m*h**3 + z*h**3 + 7*h**2 + 44*h - 46*h. Give u(2).
-12
Let p(h) = 6*h - 17. Let w = 594 - 590. Calculate p(w).
7
Let x(c) = -c**3 + 2*c**2 + 3*c + 1. Let w(y) = 32*y**3 + 1. Let n be w(1). Suppose -4*b - n = -b. Let v = -13 - b. Give x(v).
11
Let a(l) = -l**2 + 1. Let p be a(-1). Let h(y) = 49*y**2 + 2*y + 12. Let w(v) = 171*v**2 + 7*v + 37. Let k(c) = 7*h(c) - 2*w(c). Give k(p).
10
Suppose -3*f + 8 + 106 = 0. Let n = -32 + f. Let r(z) be the third derivative of z**6/120 - z**5/10 - z**4/24 + z**3/2 + z**2. Calculate r(n).
-3
Let d be -15*(12 + 590/(-50)). Let k(a) = a**2 - 7. Determine k(d).
2
Let n = 47 - 41. Let s(h) be the third derivative of h**6/120 - h**5/12 - 5*h**4/24 + h**3/6 - h**2. Calculate s(n).
7
Let n(j) = -j**3 - 5*j**2 + 4*j - 17. Suppose -t = -0*t + k + 6, t = -2*k - 6. Determine n(t).
-5
Let p(z) = 2*z**3 - 2*z**2 + z - 2. Let i = -62 + 66. Suppose 5 = 2*s + 2*s - 3*t, -4 = -i*t. Determine p(s).
8
Let l(z) be the second derivative of -z**3/6 - 3*z**2 - 276*z. Calculate l(7).
-13
Suppose 7*n - 64 = -8. Let l(k) = k**2 - 9*k + 3. What is l(n)?
-5
Let p = -20 - -26. Let f(g) = 3*g + g - p*g - 4 + 3*g. Calculate f(6).
2
Let z(a) = -17*a - 9. Let g(w) = -43*w - 17. Let l(d) = 2*g(d) - 5*z(d). What is l(12)?
-1
Let g(v) = 2*v - 2. Let l(u) = 3*u - 12. Let o(s) = -7*g(s) + 6*l(s). What is o(16)?
6
Suppose -42 = 2*s + s. Let v be (-2)/7 + (-74)/s. Let o(p) = v*p + p**2 - 3*p + 2*p + 0*p - 7. Give o(-6).
5
Let z = 5209 - 5213. Let m(s) = -2*s + 1. Let x(n) be the first derivative of n**2 - 2*n + 1. Let i(f) = -4*m(f) - 3*x(f). What is i(z)?
-6
Let w(u) = u**2 + 11*u + 14. Let i(a) = a + 1. Let g(p) = 2*i(p) - w(p). Let r be g(-7). Suppose 3*k = -r*k - 20. Let l(t) = t**2 + 6*t + 3. What is l(k)?
-5
Let w be (-9)/36 + 2/8. Suppose 9*t - t = w. Let s(h) = 2*h - h - 8 + 0*h. Give s(t).
-8
Suppose 12924*u + 50 = 12929*u. Let x(j) = j**2 - 14*j + 35. Calculate x(u).
-5
Let b(x) = -x**3 - 4*x**2 + 3*x - 1. Let r = -31 - -31. Suppose r = -p + 17 - 7. Let f be p/5*6/(-4). Calculate b(f).
-19
Suppose 4*z + 2*m = 52, -2*z + 2*m = 4*m - 30. Suppose -6 = y - z. Let p(d) be the first derivative of -d**3/3 + 5*d**2/2 + 5*d + 3. Determine p(y).
5
Let l(j) = -5*j**2 + 5*j + 1. Let h(r) = r**2 - r. Let n(q) = -6*h(q) - l(q). Let v = 38 + -36. Suppose -x + 4 = -v*x, 0 = 2*m - 5*x - 24. Calculate n(m).
-3
Suppose -3*q + 4*s + 44 = q, -5*s = 5*q - 15. Suppose 4*o = -5*n + 93, 0*o = -2*n - 4*o + 30. Let i(h) = 51 - 16 - n + h - 17. Determine i(q).
4
Let l(d) be the first derivative of -2*d**2 + 0*d + 1/2*d**3 - 1/24*d**4 + 5. Let i(t) be the second derivative of l(t). Calculate i(0).
3
Let g = 7 + -11. Let n = -11 + 21. Let z(q) = -n*q - 5*q + 14*q - 2. Determine z(g).
2
Let r(x) = -32*x + 17*x + 4 + 17*x. Determine r(-3).
-2
Suppose -2*i - i - 9 = 0, 3*f + i = -165. Let s be (-3)/2*f/3. Let v(c) = -s*c + 18*c + 11*c. Determine v(-2).
-4
Let q(w) = 4*w + 4*w**2 - 2 + 29*w**2 - 34*w**2 + w. Suppose -3*h + 19 = 7. Suppose 0 = -0*x + 5*x + 5*l - 20, -10 = -h*x - l. Determine q(x).
4
Let x = -14 + 20. Let v(n) = -n**2 + 3*n - 4. Calculate v(x).
-22
Let q(k) be the first derivative of k**4/24 + 7*k**3/6 + 45*k**2/2 + 13. Let p(o) be the second derivative of q(o). Give p(-9).
-2
Suppose 5 = 5*q - 15. Let x(c) = c**3 - 4*c**2 - 7. What is x(q)?
-7
Let u(i) = -3*i + 2*i - 421 + 422 + i**2. Give u(0).
1
Let n(m) = 1 + 10*m - 4*m + 5*m - 3. Determine n(1).
9
Let o(j) be the third derivative of j**6/120 - 11*j**5/60 - j**4/8 + 6*j**3 + 2*j**2 + 250*j. Determine o(11).
3
Let o(q) = 13*q**2 + 30*q + 7. Let r(p) = -11*p**2 - 27*p - 6. Let m(l) = 6*o(l) + 7*r(l). Calculate m(5).
-20
Let b(a) be the first derivative of -1/3*a**3 + 7/2*a**2 + 2 - 2*a. Let t(f) = 3*f - 12. Let j be t(6). What is b(j)?
4
Suppose -4*t = -3*m - 26, -5*t = 4*m + 19 + 26. Let i = m + 17. Let s(f) be the second derivative of -f**4/12 + 3*f**3/2 - 5*f**2 + 2*f. Give s(i).
4
Let s(o) = -130*o - 45. Let y(h) = -46*h - 15. Let g(q) = 6*s(q) - 17*y(q). What is g(12)?
9
Let g be 92/28 + (-68)/238. Let j(s) = -s**2 + 2*s - 8. Give j(g).
-11
Suppose 3*m - f - 16 = 0, -4*m + f + 4*f + 3 = 0. Let y(b) = -b**3 + 8*b**2 - 3*b + 7. Determine y(m).
35
Let q(y) = -y**2 + 3*y + 4. Let i be q(5). Let t(g) = 3*g**3 + g + 1. Let w(o) = 4*o**3 + 5*o**2 - 4*o - 6. Let k(u) = -t(u) + w(u). Determine k(i).
-13
Let h(q) = -505*q - 501*q + 1005*q - 1 - 4 + 2. Give h(-4).
1
Suppose w + 14 = -w + 2*r, r + 53 = -5*w. Let a(b) be the second derivative of b**3/6 + 4*b**2 + 877*b. Determine a(w).
-2
Let c(t) = -8*t**2 + 160*t - 4. Let z be c(20). Let s(b) = 3*b + 10. Give s(z).
-2
Let n = 273 + -283. Let y(b) = -b**2 - 7*b + 4. Determine y(n).
-26
Let r be (-19)/(1425/(-10)) + (-176)/(-30). Let m(h) = -h**3 + 7*h**2 - 3*h - 8. Give m(r).
10
Suppose -s - 3*a + 1 = -2*a, a + 2 = 0. Suppose 5*t - 18 = 2*k - 2, -s*k - 13 = -2*t. Let f(p) = 2*p**3 + p**2 - 3*p + 2. Give f(t).
16
Let x(c) = -c**2 - 5*c + 16. Let d be x(-8). Let k be d/6*(-15 + 18). Let j(a) = a**2 + 3*a + 1. Give j(k).
5
Let s(u) = -6*u**3 + 4*u - 6. Let n(b) = b - 17. Let g be n(11). Let r(t) = -6*t**3 + 5*t - 7. Let w(l) = g*s(l) + 5*r(l). Let a = 3 - 4. Calculate w(a).
-6
Let x(v) = 3*v - 2. Let g be 2*(-17 + 23 + (-14)/4). Calculate x(g).
13
Let l(g) be the first derivative of -g**7/840 + 7*g**6/360 - g**5/20 + 3*g**4/8 + 14*g**3/3 - 15. Let i(c) be the third derivative of l(c). Give i(6).
9
Let u(z) be the second derivative of z**3/2 + 11*z**2/2 + 6*z. Let p(j) = -2*j - 6. Let f(x) = -5*p(x) - 3*u(x). Calculate f(3).
0
Let n = 834 + -840. Let f(c) = c**2 + 10*c + 9. Give f(n).
-15
Let v(g) = g**2 + 7*g + 4. Let s be ((-18)/(-12))/(5/(-20)). Give v(s).
-2
Let a(r) = r**3 + 11*r**2 - 14*r - 22. Let m be a(-12). Let k(q) = 3 + 6*q + m - q**3 + 6*q**2 + 3 + 0*q. Give k(7).
1
Let l(d) be the first derivative of d**4/2 + 2*d**3/3 + d**2 - d + 106. Calculate l(-2).
-13
Suppose 0 = -9*q + 131 - 50. Let l(y) = 2*y - 20. Give l(q).
-2
Let q(n) = 3*n - 1. Let z(f) = -5*f + 1. Let p(d) = 7*q(d) + 4*z(d). Suppose -2*k + 4*o - 12 = o, 8 = 2*o. Let h = k - 0. Determine p(h).
-3
Let v be (-1 + 2)/(8/(-32)). Let t be (5/2)/(v/8). Let y(b) = 10*b**2 - b 